{"id":11435,"date":"2002-04-12T15:55:55","date_gmt":"2002-04-12T13:55:55","guid":{"rendered":"https:\/\/prueba.fundacionginer.org\/?post_type=actividades&#038;p=11435"},"modified":"2026-04-16T13:16:57","modified_gmt":"2026-04-16T11:16:57","slug":"exposicion-juan-chabas","status":"publish","type":"actividades","link":"https:\/\/prueba.fundacionginer.org\/en\/actividades\/exposicion-juan-chabas\/","title":{"rendered":"Exhibition \u201cJuan Chab\u00e1s. Of the avant-garde in exile (1900-1954)"},"content":{"rendered":"<div class=\"wpb-content-wrapper\"><section class=\"vc_row wpb_row vc_row-fluid vc_custom_1666273406542 liquid-row-shadowbox-69f3289db793d\"><div class=\"ld-container container\"><div class=\"row ld-row\"><div class=\"wpb_column vc_column_container vc_col-sm-12 liquid-column-69f3289db7c23\"><div class=\"vc_column-inner\"><div class=\"wpb_wrapper \"   ><div class=\"wpb_wrapper-inner\"><style>@media (min-width: 1200px) { .liquid-row-responsive-69f3289db7d90 {margin-top:-20px !important;  }  }  <\/style><div class=\"vc_row wpb_row vc_inner vc_row-fluid vc_custom_1666274032498 liquid-row-responsive-69f3289db7d90 liquid-row-shadowbox-69f3289db7da1\"><div class=\"wpb_column vc_column_container vc_col-sm-6 liquid-column-69f3289db7f61\"><div class=\"vc_column-inner\"><div class=\"wpb_wrapper vc_custom_1666274090693\"  ><div class=\"wpb_wrapper-inner\"><style>.ld_icon_box_69f3289db894c .iconbox-icon-container{color:rgb(0, 0, 0);font-size:20px;border-radius:px;}.ld_icon_box_69f3289db894c h3{margin-bottom:1px;}<\/style>\n<div class=\"iconbox iconbox-inline ld_icon_box_69f3289db894c vc_custom_1720447079828\" id=\"ld_icon_box_69f3289db894c\"  data-plugin-options='{\"color\":\"rgb(0, 0, 0)\"}'  >\n\t\n\t\t<div class=\"iconbox-icon-wrap\"><span class=\"iconbox-icon-container\"><i class=\"icon-et-document\"><\/i><\/span><\/div><!-- \/.iconbox-icon-wrap -->\t\n\t<h3>Proyecto y producci\u00f3n<\/h3>\t\n\t\t\n\t\t\t\t\n\t\t\n\t\n<\/div>\n\n\t<div class=\"wpb_text_column wpb_content_element\" >\n\t\t<div class=\"wpb_wrapper\">\n\t\t\t<p>Biblioteca valenciana, Direcci\u00f3n General del Libro, Archivos y Bibliotecas de la Consejer\u00eda de Cultura y Educaci\u00f3n de la Generalitat Valenciana.<\/p>\n\n\t\t<\/div>\n\t<\/div>\n<\/div><\/div><\/div><\/div><div class=\"wpb_column vc_column_container vc_col-sm-6 liquid-column-69f3289db8f98\"><div class=\"vc_column-inner\"><div class=\"wpb_wrapper \"  ><div class=\"wpb_wrapper-inner\"><style>.ld_icon_box_69f3289db9029 .iconbox-icon-container{color:rgb(0, 0, 0);font-size:20px;border-radius:px;}.ld_icon_box_69f3289db9029 h3{margin-bottom:1px;}<\/style>\n<div class=\"iconbox iconbox-inline ld_icon_box_69f3289db9029 vc_custom_1720447129149\" id=\"ld_icon_box_69f3289db9029\"  data-plugin-options='{\"color\":\"rgb(0, 0, 0)\"}'  >\n\t\n\t\t<div class=\"iconbox-icon-wrap\"><span class=\"iconbox-icon-container\"><i class=\"icon-basic_geolocalize-01\"><\/i><\/span><\/div><!-- \/.iconbox-icon-wrap -->\t\n\t<h3>Fechas y sede<\/h3>\t\n\t\t\n\t\t\t\t\n\t\t\n\t\n<\/div>\n\n\t<div class=\"wpb_text_column wpb_content_element\" >\n\t\t<div class=\"wpb_wrapper\">\n\t\t\t<p style=\"text-align: left;\" align=\"center\">Del 12 de abril al\u00a0 2 de junio de 2002. Fundaci\u00f3n Francisco Giner de los R\u00edos [Instituci\u00f3n Libre de Ense\u00f1anza]<\/p>\n\n\t\t<\/div>\n\t<\/div>\n<\/div><\/div><\/div><\/div><\/div><style>@media (min-width: 1200px) { .liquid-row-responsive-69f3289db94c3 {margin-top:0px !important;  }  }  <\/style><div class=\"vc_row wpb_row vc_inner vc_row-fluid vc_custom_1666274134962 liquid-row-responsive-69f3289db94c3 liquid-row-shadowbox-69f3289db94d2 vc_row-o-equal-height vc_row-flex\"><div class=\"wpb_column vc_column_container vc_col-sm-6 liquid-column-69f3289db966b\"><div class=\"vc_column-inner\"><div class=\"wpb_wrapper vc_custom_1666274095109\"  ><div class=\"wpb_wrapper-inner\"><style>.ld_icon_box_69f3289db96f3 .iconbox-icon-container{color:rgb(0, 0, 0);font-size:20px;border-radius:px;}.ld_icon_box_69f3289db96f3 h3{margin-bottom:1px;}<\/style>\n<div class=\"iconbox iconbox-inline ld_icon_box_69f3289db96f3 vc_custom_1720097512947\" id=\"ld_icon_box_69f3289db96f3\"  data-plugin-options='{\"color\":\"rgb(0, 0, 0)\"}'  >\n\t\n\t\t<div class=\"iconbox-icon-wrap\"><span class=\"iconbox-icon-container\"><i class=\"icon-arrows_circle_check\"><\/i><\/span><\/div><!-- \/.iconbox-icon-wrap -->\t\n\t<h3>Comisario<\/h3>\t\n\t\t\n\t\t\t\t\n\t\t\n\t\n<\/div>\n\n\t<div class=\"wpb_text_column wpb_content_element\" >\n\t\t<div class=\"wpb_wrapper\">\n\t\t\t<p>Javier P\u00e9rez Bazo<\/p>\n\n\t\t<\/div>\n\t<\/div>\n<\/div><\/div><\/div><\/div><div class=\"wpb_column vc_column_container vc_col-sm-6 liquid-column-69f3289db99f7\"><div class=\"vc_column-inner\"><div class=\"wpb_wrapper \"  ><div class=\"wpb_wrapper-inner\"><style>.ld_icon_box_69f3289db9a7d .iconbox-icon-container{color:rgb(0, 0, 0);font-size:20px;border-radius:px;}.ld_icon_box_69f3289db9a7d h3{margin-bottom:1px;}<\/style>\n<div class=\"iconbox iconbox-inline ld_icon_box_69f3289db9a7d vc_custom_1720447021788\" id=\"ld_icon_box_69f3289db9a7d\"  data-plugin-options='{\"color\":\"rgb(0, 0, 0)\"}'  >\n\t\n\t\t<div class=\"iconbox-icon-wrap\"><span class=\"iconbox-icon-container\"><i class=\"icon-et-ribbon\"><\/i><\/span><\/div><!-- \/.iconbox-icon-wrap -->\t\n\t<h3>Colabora<\/h3>\t\n\t\t\n\t\t\t\t\n\t\t\n\t\n<\/div>\n\n\t<div class=\"wpb_text_column wpb_content_element\" >\n\t\t<div class=\"wpb_wrapper\">\n\t\t\t<p style=\"text-align: left;\" align=\"center\">Ayuntamiento de Denia<\/p>\n\n\t\t<\/div>\n\t<\/div>\n<\/div><\/div><\/div><\/div><div class=\"wpb_column vc_column_container vc_col-sm-12 liquid-column-69f3289db9c96\"><div class=\"vc_column-inner\"><div class=\"wpb_wrapper \"  ><div class=\"wpb_wrapper-inner\"><div class=\"vc_separator wpb_content_element vc_separator_align_center vc_sep_width_100 vc_sep_pos_align_center vc_separator_no_text vc_sep_color_grey wpb_content_element  wpb_content_element\" ><span class=\"vc_sep_holder vc_sep_holder_l\"><span class=\"vc_sep_line\"><\/span><\/span><span class=\"vc_sep_holder vc_sep_holder_r\"><span class=\"vc_sep_line\"><\/span><\/span>\n<\/div><\/div><\/div><\/div><\/div><\/div><\/div><\/div><\/div><\/div><\/div><\/div><\/section><section class=\"vc_row wpb_row vc_row-fluid liquid-row-shadowbox-69f3289db9fcf\"><div class=\"ld-container container\"><div class=\"row ld-row\"><div class=\"wpb_column vc_column_container vc_col-sm-12 liquid-column-69f3289dba25d\"><div class=\"vc_column-inner\"><div class=\"wpb_wrapper \"   ><div class=\"wpb_wrapper-inner\">\n\t<div class=\"wpb_text_column wpb_content_element vc_custom_1720446918254\" >\n\t\t<div class=\"wpb_wrapper\">\n\t\t\t<p class=\"v1MsoNormal\">La exposici\u00f3n presentaba la evoluci\u00f3n vital y creadora del escritor valenciano Juan Chab\u00e1s (1900-1954), con el objeto de mostrar la singularidad de su m\u00faltiple producci\u00f3n, que abarca diversos g\u00e9neros -l\u00edrica, prosa art\u00edstica y ensay\u00edstica, historiograf\u00eda, teatro-, como ejemplo del proceso literario y cultural de la Espa\u00f1a de la primera mitad del siglo XX. Se pretend\u00eda as\u00ed recuperar una de las figuras injustamente olvidadas de la generaci\u00f3n del 27, en cuyo desarrollo el escritor particip\u00f3 activamente y en la que ocup\u00f3 un lugar relevante como novelista, cr\u00edtico y poeta. La muestra, dividida en tres apartados (\u00abEn la vanguardia art\u00edstica\u00bb, \u00abUn intelectual republicano\u00bb y \u00abLos periplos del destierro\u00bb), reconstru\u00eda no s\u00f3lo el ambiente cultural de la Vanguardia durante los a\u00f1os veinte, la II Rep\u00fablica y la guerra civil, as\u00ed como la significativa y vasta producci\u00f3n literaria de Chab\u00e1s durante ese tiempo, sino tambi\u00e9n la vida cotidiana y la labor intelectual que el escritor espa\u00f1ol desarroll\u00f3 durante su exilio en la Rep\u00fablica Dominicana, Venezuela y fundamentalmente, antes de su temprana muerte, en Cuba. La documentaci\u00f3n que se exhib\u00eda, gran parte de ella in\u00e9dita, inclu\u00eda primeras ediciones, revistas y peri\u00f3dicos de la \u00e9poca, escritos y objetos personales, fotograf\u00edas, dibujos y pinturas.<\/p>\n\n\t\t<\/div>\n\t<\/div>\n<\/div><\/div><\/div><\/div><\/div><\/div><\/section><style>@media (min-width: 1200px) { .liquid-row-responsive-69f3289dba480 {margin-top:30px !important;  }  }   <\/style><section data-bg-image=\"url\" class=\"vc_row wpb_row vc_row-fluid vc_custom_1696503299436 row-contains-padding-top liquid-row-responsive-69f3289dba480 liquid-row-shadowbox-69f3289dba48f vc_row-has-fill vc_row-has-bg\"><div class=\"ld-container container\"><div class=\"row ld-row\"><div class=\"wpb_column vc_column_container vc_col-sm-12 liquid-column-69f3289dba6ec\"><div class=\"vc_column-inner\"><div class=\"wpb_wrapper \"   ><div class=\"wpb_wrapper-inner\">\n\t<div class=\"wpb_text_column wpb_content_element vc_custom_1720098515499\" >\n\t\t<div class=\"wpb_wrapper\">\n\t\t\t<p><strong>M\u00c1S INFORMACI\u00d3N<\/strong><\/p>\n\n\t\t<\/div>\n\t<\/div>\n<a href=\"http:\/\/www.edaddeplata.org\/edaddeplata\/Exposiciones\/exposiciones\/content.jsp?guid=%7b3BA9DD8D-DD51-479E-8B33-575EB470F71A%7d\" target=\"_blank\" class=\"btn btn-default btn-md btn-bordered border-thin ld_button_69f3289dba815 vc_custom_1720447476264\">\n\t<span>\n\t\t\n\t\t\t\t\t<span class=\"btn-txt\">M\u00e1s informaci\u00f3n<\/span>\n\t\t\t\n\t\t\t\t<\/span>\n<\/a>\n<\/div><\/div><\/div><\/div><\/div><\/div><\/section>\n<\/div>","protected":false},"featured_media":11446,"menu_order":0,"template":"","format":"standard","meta":{"_acf_changed":false,"footnotes":""},"categories":[123],"tags":[78],"class_list":["post-11435","actividades","type-actividades","status-publish","format-standard","has-post-thumbnail","hentry","category-exposiciones","tag-pasadas"],"acf":[],"_links":{"self":[{"href":"https:\/\/prueba.fundacionginer.org\/en\/wp-json\/wp\/v2\/actividades\/11435","targetHints":{"allow":["GET"]}}],"collection":[{"href":"https:\/\/prueba.fundacionginer.org\/en\/wp-json\/wp\/v2\/actividades"}],"about":[{"href":"https:\/\/prueba.fundacionginer.org\/en\/wp-json\/wp\/v2\/types\/actividades"}],"version-history":[{"count":9,"href":"https:\/\/prueba.fundacionginer.org\/en\/wp-json\/wp\/v2\/actividades\/11435\/revisions"}],"predecessor-version":[{"id":11445,"href":"https:\/\/prueba.fundacionginer.org\/en\/wp-json\/wp\/v2\/actividades\/11435\/revisions\/11445"}],"wp:featuredmedia":[{"embeddable":true,"href":"https:\/\/prueba.fundacionginer.org\/en\/wp-json\/wp\/v2\/media\/11446"}],"wp:attachment":[{"href":"https:\/\/prueba.fundacionginer.org\/en\/wp-json\/wp\/v2\/media?parent=11435"}],"wp:term":[{"taxonomy":"category","embeddable":true,"href":"https:\/\/prueba.fundacionginer.org\/en\/wp-json\/wp\/v2\/categories?post=11435"},{"taxonomy":"post_tag","embeddable":true,"href":"https:\/\/prueba.fundacionginer.org\/en\/wp-json\/wp\/v2\/tags?post=11435"}],"curies":[{"name":"wp","href":"https:\/\/api.w.org\/{rel}","templated":true}]}}

Exhibition “Juan Chabás. Of the avant-garde in exile (1900-1954)

<div class="wpb-content-wrapper"><section class="vc_row wpb_row vc_row-fluid vc_custom_1666273406542 liquid-row-shadowbox-69f3289db793d"><div class="ld-container container"><div class="row ld-row"><div class="wpb_column vc_column_container vc_col-sm-12 liquid-column-69f3289db7c23"><div class="vc_column-inner"><div class="wpb_wrapper "   ><div class="wpb_wrapper-inner"><style>@media (min-width: 1200px) { .liquid-row-responsive-69f3289db7d90 {margin-top:-20px !important;  }  }  </style><div class="vc_row wpb_row vc_inner vc_row-fluid vc_custom_1666274032498 liquid-row-responsive-69f3289db7d90 liquid-row-shadowbox-69f3289db7da1"><div class="wpb_column vc_column_container vc_col-sm-6 liquid-column-69f3289db7f61"><div class="vc_column-inner"><div class="wpb_wrapper vc_custom_1666274090693"  ><div class="wpb_wrapper-inner"><style>.ld_icon_box_69f3289db894c .iconbox-icon-container{color:rgb(0, 0, 0);font-size:20px;border-radius:px;}.ld_icon_box_69f3289db894c h3{margin-bottom:1px;}</style>
<div class="iconbox iconbox-inline ld_icon_box_69f3289db894c vc_custom_1720447079828" id="ld_icon_box_69f3289db894c"  data-plugin-options='{"color":"rgb(0, 0, 0)"}'  >
	
		<div class="iconbox-icon-wrap"><span class="iconbox-icon-container"><i class="icon-et-document"></i></span></div><!-- /.iconbox-icon-wrap -->	
	<h3>Proyecto y producción</h3>	
		
				
		
	
</div>

	<div class="wpb_text_column wpb_content_element" >
		<div class="wpb_wrapper">
			<p>Biblioteca valenciana, Dirección General del Libro, Archivos y Bibliotecas de la Consejería de Cultura y Educación de la Generalitat Valenciana.</p>

		</div>
	</div>
</div></div></div></div><div class="wpb_column vc_column_container vc_col-sm-6 liquid-column-69f3289db8f98"><div class="vc_column-inner"><div class="wpb_wrapper "  ><div class="wpb_wrapper-inner"><style>.ld_icon_box_69f3289db9029 .iconbox-icon-container{color:rgb(0, 0, 0);font-size:20px;border-radius:px;}.ld_icon_box_69f3289db9029 h3{margin-bottom:1px;}</style>
<div class="iconbox iconbox-inline ld_icon_box_69f3289db9029 vc_custom_1720447129149" id="ld_icon_box_69f3289db9029"  data-plugin-options='{"color":"rgb(0, 0, 0)"}'  >
	
		<div class="iconbox-icon-wrap"><span class="iconbox-icon-container"><i class="icon-basic_geolocalize-01"></i></span></div><!-- /.iconbox-icon-wrap -->	
	<h3>Fechas y sede</h3>	
		
				
		
	
</div>

	<div class="wpb_text_column wpb_content_element" >
		<div class="wpb_wrapper">
			<p style="text-align: left;" align="center">Del 12 de abril al  2 de junio de 2002. Fundación Francisco Giner de los Ríos [Institución Libre de Enseñanza]</p>

		</div>
	</div>
</div></div></div></div></div><style>@media (min-width: 1200px) { .liquid-row-responsive-69f3289db94c3 {margin-top:0px !important;  }  }  </style><div class="vc_row wpb_row vc_inner vc_row-fluid vc_custom_1666274134962 liquid-row-responsive-69f3289db94c3 liquid-row-shadowbox-69f3289db94d2 vc_row-o-equal-height vc_row-flex"><div class="wpb_column vc_column_container vc_col-sm-6 liquid-column-69f3289db966b"><div class="vc_column-inner"><div class="wpb_wrapper vc_custom_1666274095109"  ><div class="wpb_wrapper-inner"><style>.ld_icon_box_69f3289db96f3 .iconbox-icon-container{color:rgb(0, 0, 0);font-size:20px;border-radius:px;}.ld_icon_box_69f3289db96f3 h3{margin-bottom:1px;}</style>
<div class="iconbox iconbox-inline ld_icon_box_69f3289db96f3 vc_custom_1720097512947" id="ld_icon_box_69f3289db96f3"  data-plugin-options='{"color":"rgb(0, 0, 0)"}'  >
	
		<div class="iconbox-icon-wrap"><span class="iconbox-icon-container"><i class="icon-arrows_circle_check"></i></span></div><!-- /.iconbox-icon-wrap -->	
	<h3>Comisario</h3>	
		
				
		
	
</div>

	<div class="wpb_text_column wpb_content_element" >
		<div class="wpb_wrapper">
			<p>Javier Pérez Bazo</p>

		</div>
	</div>
</div></div></div></div><div class="wpb_column vc_column_container vc_col-sm-6 liquid-column-69f3289db99f7"><div class="vc_column-inner"><div class="wpb_wrapper "  ><div class="wpb_wrapper-inner"><style>.ld_icon_box_69f3289db9a7d .iconbox-icon-container{color:rgb(0, 0, 0);font-size:20px;border-radius:px;}.ld_icon_box_69f3289db9a7d h3{margin-bottom:1px;}</style>
<div class="iconbox iconbox-inline ld_icon_box_69f3289db9a7d vc_custom_1720447021788" id="ld_icon_box_69f3289db9a7d"  data-plugin-options='{"color":"rgb(0, 0, 0)"}'  >
	
		<div class="iconbox-icon-wrap"><span class="iconbox-icon-container"><i class="icon-et-ribbon"></i></span></div><!-- /.iconbox-icon-wrap -->	
	<h3>Colabora</h3>	
		
				
		
	
</div>

	<div class="wpb_text_column wpb_content_element" >
		<div class="wpb_wrapper">
			<p style="text-align: left;" align="center">Ayuntamiento de Denia</p>

		</div>
	</div>
</div></div></div></div><div class="wpb_column vc_column_container vc_col-sm-12 liquid-column-69f3289db9c96"><div class="vc_column-inner"><div class="wpb_wrapper "  ><div class="wpb_wrapper-inner"><div class="vc_separator wpb_content_element vc_separator_align_center vc_sep_width_100 vc_sep_pos_align_center vc_separator_no_text vc_sep_color_grey wpb_content_element  wpb_content_element" ><span class="vc_sep_holder vc_sep_holder_l"><span class="vc_sep_line"></span></span><span class="vc_sep_holder vc_sep_holder_r"><span class="vc_sep_line"></span></span>
</div></div></div></div></div></div></div></div></div></div></div></div></section><section class="vc_row wpb_row vc_row-fluid liquid-row-shadowbox-69f3289db9fcf"><div class="ld-container container"><div class="row ld-row"><div class="wpb_column vc_column_container vc_col-sm-12 liquid-column-69f3289dba25d"><div class="vc_column-inner"><div class="wpb_wrapper "   ><div class="wpb_wrapper-inner">
	<div class="wpb_text_column wpb_content_element vc_custom_1720446918254" >
		<div class="wpb_wrapper">
			<p class="v1MsoNormal">La exposición presentaba la evolución vital y creadora del escritor valenciano Juan Chabás (1900-1954), con el objeto de mostrar la singularidad de su múltiple producción, que abarca diversos géneros -lírica, prosa artística y ensayística, historiografía, teatro-, como ejemplo del proceso literario y cultural de la España de la primera mitad del siglo XX. Se pretendía así recuperar una de las figuras injustamente olvidadas de la generación del 27, en cuyo desarrollo el escritor participó activamente y en la que ocupó un lugar relevante como novelista, crítico y poeta. La muestra, dividida en tres apartados («En la vanguardia artística», «Un intelectual republicano» y «Los periplos del destierro»), reconstruía no sólo el ambiente cultural de la Vanguardia durante los años veinte, la II República y la guerra civil, así como la significativa y vasta producción literaria de Chabás durante ese tiempo, sino también la vida cotidiana y la labor intelectual que el escritor español desarrolló durante su exilio en la República Dominicana, Venezuela y fundamentalmente, antes de su temprana muerte, en Cuba. La documentación que se exhibía, gran parte de ella inédita, incluía primeras ediciones, revistas y periódicos de la época, escritos y objetos personales, fotografías, dibujos y pinturas.</p>

		</div>
	</div>
</div></div></div></div></div></div></section><style>@media (min-width: 1200px) { .liquid-row-responsive-69f3289dba480 {margin-top:30px !important;  }  }   </style><section data-bg-image="url" class="vc_row wpb_row vc_row-fluid vc_custom_1696503299436 row-contains-padding-top liquid-row-responsive-69f3289dba480 liquid-row-shadowbox-69f3289dba48f vc_row-has-fill vc_row-has-bg"><div class="ld-container container"><div class="row ld-row"><div class="wpb_column vc_column_container vc_col-sm-12 liquid-column-69f3289dba6ec"><div class="vc_column-inner"><div class="wpb_wrapper "   ><div class="wpb_wrapper-inner">
	<div class="wpb_text_column wpb_content_element vc_custom_1720098515499" >
		<div class="wpb_wrapper">
			<p><strong>MÁS INFORMACIÓN</strong></p>

		</div>
	</div>
<a href="http://www.edaddeplata.org/edaddeplata/Exposiciones/exposiciones/content.jsp?guid=%7b3BA9DD8D-DD51-479E-8B33-575EB470F71A%7d" target="_blank" class="btn btn-default btn-md btn-bordered border-thin ld_button_69f3289dba815 vc_custom_1720447476264">
	<span>
		
					<span class="btn-txt">Más información</span>
			
				</span>
</a>
</div></div></div></div></div></div></section>
</div>
